{"id":59,"date":"2023-02-18T02:27:36","date_gmt":"2023-02-18T02:27:36","guid":{"rendered":"http:\/\/it-sf.com.co\/?page_id=59"},"modified":"2024-10-29T15:41:53","modified_gmt":"2024-10-29T20:41:53","slug":"razon-de-ser","status":"publish","type":"page","link":"https:\/\/it-sf.com.co\/?page_id=59","title":{"rendered":"Nuestra raz\u00f3n de ser"},"content":{"rendered":"\n<figure class=\"wp-block-gallery aligncenter has-nested-images columns-default is-cropped wp-block-gallery-1 is-layout-flex wp-block-gallery-is-layout-flex\">\n<figure class=\"wp-block-image size-full\"><img loading=\"lazy\" decoding=\"async\" width=\"990\" height=\"448\" data-id=\"116\" src=\"https:\/\/it-sf.com.co\/wp-content\/uploads\/2023\/02\/logohorizontal.png\" alt=\"\" class=\"wp-image-116\" srcset=\"https:\/\/it-sf.com.co\/wp-content\/uploads\/2023\/02\/logohorizontal.png 990w, https:\/\/it-sf.com.co\/wp-content\/uploads\/2023\/02\/logohorizontal-300x136.png 300w, https:\/\/it-sf.com.co\/wp-content\/uploads\/2023\/02\/logohorizontal-768x348.png 768w\" sizes=\"auto, (max-width: 990px) 100vw, 990px\" \/><\/figure>\n<\/figure>\n\n\n\n<div style=\"height:15px\" aria-hidden=\"true\" class=\"wp-block-spacer\"><\/div>\n\n\n\n<p class=\"has-medium-font-size\">IT SECURITY FORENSIC, Es una empresa de ciberseguridad que tiene como objetivo brindar servicios enfocados en identificar posibles fallos en la seguridad de las infraestructuras tecnol\u00f3gicas de nuestros clientes, y para ello contamos con un grupo de consultores expertos en t\u00e9cnicas de Ethical hacking, analistas de vulnerabilidades, peritos inform\u00e1ticos forenses, auditores en ciberseguridad y expertos en infraestructura tecnol\u00f3gica y aplicaciones de redes de datos y servicios web, aplicando metodolog\u00edas y est\u00e1ndares internacionales, para brindar a nuestros clientes servicios de calidad, con tiempos de respuesta \u00f3ptimos y con costos acordes al mercado de la ciberseguridad.<\/p>\n","protected":false},"excerpt":{"rendered":"<p>IT SECURITY FORENSIC, Es una empresa de ciberseguridad que tiene como objetivo brindar servicios enfocados en identificar posibles fallos en la seguridad de las infraestructuras tecnol\u00f3gicas de nuestros clientes, y para ello contamos con un grupo de consultores expertos en t\u00e9cnicas de Ethical hacking, analistas de vulnerabilidades, peritos inform\u00e1ticos forenses, auditores en ciberseguridad y expertos [&hellip;]<\/p>\n","protected":false},"author":1,"featured_media":350,"parent":0,"menu_order":0,"comment_status":"closed","ping_status":"closed","template":"templates\/template-page-full-width.php","meta":{"footnotes":""},"class_list":["post-59","page","type-page","status-publish","has-post-thumbnail","hentry"],"_links":{"self":[{"href":"https:\/\/it-sf.com.co\/index.php?rest_route=\/wp\/v2\/pages\/59","targetHints":{"allow":["GET"]}}],"collection":[{"href":"https:\/\/it-sf.com.co\/index.php?rest_route=\/wp\/v2\/pages"}],"about":[{"href":"https:\/\/it-sf.com.co\/index.php?rest_route=\/wp\/v2\/types\/page"}],"author":[{"embeddable":true,"href":"https:\/\/it-sf.com.co\/index.php?rest_route=\/wp\/v2\/users\/1"}],"replies":[{"embeddable":true,"href":"https:\/\/it-sf.com.co\/index.php?rest_route=%2Fwp%2Fv2%2Fcomments&post=59"}],"version-history":[{"count":8,"href":"https:\/\/it-sf.com.co\/index.php?rest_route=\/wp\/v2\/pages\/59\/revisions"}],"predecessor-version":[{"id":440,"href":"https:\/\/it-sf.com.co\/index.php?rest_route=\/wp\/v2\/pages\/59\/revisions\/440"}],"wp:featuredmedia":[{"embeddable":true,"href":"https:\/\/it-sf.com.co\/index.php?rest_route=\/wp\/v2\/media\/350"}],"wp:attachment":[{"href":"https:\/\/it-sf.com.co\/index.php?rest_route=%2Fwp%2Fv2%2Fmedia&parent=59"}],"curies":[{"name":"wp","href":"https:\/\/api.w.org\/{rel}","templated":true}]}}